f c and s.
11
Let y = 16 - 11. Suppose -114 = -4*m - 5*b + 135, 0 = -y*m + 2*b + 270. Calculate the greatest common factor of 8 and m.
8
Suppose 4*n + 4 + 20 = 0. Let v be 4 - 4/(8/n). What is the highest common factor of 21 and v?
7
Let r be 0 + 0 - (3 + -9). Calculate the greatest common divisor of r and 6.
6
Let n(s) = s + 14. Let j be n(-10). Suppose -j*o + 50 = 2*m - 20, 2*o = 4*m + 10. What is the highest common divisor of o and 105?
15
Let y be (26/4)/(2/4). Let b(v) be the second derivative of 3*v**4/4 + 3*v**2/2 + 10*v. Let i be b(-2). Calculate the highest common factor of i and y.
13
Let b(d) = d**3 + 3*d**2 + 3*d. Let w be b(-2). Let i(z) = -z**3 - z + 2. Let q be i(w). What is the highest common divisor of q and 4?
4
Let a(w) = -w**3 - 9*w**2 - 10*w - 2. Let m be a(-8). Suppose -p - m = -46. Calculate the greatest common factor of 80 and p.
16
Suppose 0 = 4*u + 3*q - 61, -4*u - 2*q + 23 = -39. Let m(c) = c**2 - 14*c - 2. Let s be m(u). What is the highest common factor of s and 6?
6
Let r(p) = -9*p**2 - 1. Let g be r(-1). Let j(o) = -o**3 - 10*o**2 - o - 5. Let m be j(g). What is the greatest common divisor of 5 and m?
5
Let v(j) = 28*j + 7. Let o be v(5). Suppose 2*h + 2*h = -2*p + 68, 3*p - o = 3*h. What is the greatest common divisor of p and 110?
22
Suppose 6*l = 2*l - j + 28, -16 = 4*j. Suppose -4*z = -2*p - 12, -z + 2 = p - 4. What is the highest common factor of l and z?
4
Suppose 0 = 4*c - 3*c - 6. Let o = c + -2. What is the greatest common factor of o and 12?
4
Suppose 16 = 3*i + 2*f, -2*i + 2 = f - 7. Suppose -5*y = -0*y - i*v - 7, 20 = 4*y + 2*v. Calculate the greatest common divisor of y and 33.
3
Suppose 5*x = -115 + 5. Let y = -2 - x. What is the highest common divisor of 8 and y?
4
Suppose -5*o + 986 = -94. Calculate the greatest common divisor of 27 and o.
27
Let s(h) = h - 1. Let v be s(4). Let j be 2/(-6) - 995/(-15). Suppose -5*k = 10, -v*f = -k + 4*k - j. Calculate the highest common divisor of f and 3.
3
Let l = 23 + -13. Suppose -2*q + 13 = -3*r, 5*q + r + r = 4. Suppose 2*p + q*m - 5 - 91 = 0, 4*p + 5*m = 190. What is the highest common divisor of p and l?
10
Suppose -3*q + 4 = 3*c - 32, -2*c + 36 = 5*q. Suppose -61*n = -56*n - 60. Calculate the greatest common divisor of n and c.
4
Let b = -59 - -73. Calculate the greatest common divisor of b and 70.
14
Let z be 1 + -10 + (-1)/(-1). Let t = z + 22. Calculate the highest common divisor of 21 and t.
7
Suppose 0 = 2*b + 86 - 296. Suppose 0*y + 15 = 2*y - 5*k, 2*k - 51 = -3*y. What is the greatest common divisor of b and y?
15
Suppose -4*n - 8 - 41 = -3*q, 5*n = -5*q + 35. Let t(d) = 2*d**2 - 13*d - 22. Let h be t(11). Calculate the highest common factor of h and q.
11
Let z(s) = -s**2 - 14*s - 5. Let v be z(-9). Let j be (1 + -9)*(1 + -2). Calculate the highest common divisor of v and j.
8
Let q = 49 + -19. What is the greatest common divisor of q and 10?
10
Let c(z) = -z + 1. Let m be c(6). Let f = 9 - m. Calculate the greatest common divisor of 7 and f.
7
Let f be 24/5*(-180)/(-54). What is the highest common factor of f and 368?
16
Suppose -5*d - 35 = -15. Let j be d/(-6)*75/2. Let o = -5 - -10. What is the highest common factor of j and o?
5
Let z(i) = i**2 - 2*i + 4. Let r be z(5). Let t = r + -15. What is the greatest common divisor of t and 28?
4
Suppose -3*a - 3*t + 76 = 19, 0 = t + 2. Suppose -a = -f - 2*f. Let l be ((-15995)/(-65))/7 + 2/(-13). Calculate the highest common divisor of l and f.
7
Let d = 10 - 1. Calculate the highest common divisor of 9 and d.
9
Let n(a) = a**3 + 7*a**2 + 3. Let h be n(-7). Let b be h + -2*1/2. What is the greatest common factor of b and 10?
2
Let q(g) = 158*g - 1. Let p be q(1). Suppose u - p = -24. Suppose -5*b = -2*z + 23, 2*z - 2*b - 27 - 5 = 0. What is the greatest common factor of z and u?
19
Let t(u) = 3*u. Let m be 46/14 - 4/14. Let w be t(m). Let f be 2/(-2) + (-1 - -11). Calculate the highest common divisor of w and f.
9
Let p = 34 - 17. What is the greatest common divisor of p and 34?
17
Suppose -v + 1 = -6. Let i = v + 1. Let f be (0 - 80)*(-36)/45. Calculate the greatest common divisor of f and i.
8
Let x = 82 - 52. Calculate the highest common factor of x and 10.
10
Let i be (-1336)/(-24) - 1/(-3). What is the greatest common divisor of 8 and i?
8
Suppose -2*l = 2*q + 2*l - 12, 4*l + 20 = 0. Suppose 0 = 4*t - 8. Suppose 5*k - 12 = t*k. What is the greatest common factor of q and k?
4
Let v = -3 - -18. What is the greatest common divisor of v and 5?
5
Suppose -5*f - 206 = -2*q, -5*f - 212 = -2*q + 3*q. Let y be 7/f + 541/6. What is the highest common factor of y and 10?
10
Suppose 12*z = 11*z + 3. What is the highest common divisor of 12 and z?
3
Let d = 6 + -2. Let w = 95 - 51. Calculate the highest common divisor of w and d.
4
Let d(b) = 2*b + 2. Let h(x) = -2*x - 1. Let f be h(-3). Let o be d(f). What is the greatest common factor of 60 and o?
12
Suppose 3*r + r - 156 = 0. What is the highest common factor of 26 and r?
13
Suppose -7 = -m - 8. Let f be (-4)/(m + 5) - -8. Calculate the greatest common divisor of 7 and f.
7
Let a(w) = -83*w**3 + w**2 - 3*w - 2. Let i be a(-2). Suppose -i = -5*j + j. What is the highest common divisor of j and 21?
21
Suppose -2*w + 2*p + 425 = 5, 5*w + 2*p - 1029 = 0. What is the highest common factor of w and 23?
23
Let u = -163 + 359. What is the highest common factor of u and 7?
7
Suppose -x + 12 = 2*x. Suppose x*j - 30 = s - 3*s, -4*j = 4*s - 28. Let t be (j/16)/(1/54). What is the highest common divisor of t and 9?
9
Suppose 2*a + 18 = 5*a. Let v(i) = 6*i. Let o be v(7). What is the highest common divisor of o and a?
6
Let g be 1/(-2) - (-57)/6. Suppose 0 = 2*m - 5*u + g, 21 = 6*m - 2*m + 3*u. What is the greatest common factor of m and 33?
3
Let t be -9*(-3)/18*4. Let c(o) = 5*o - 5. Let z be c(t). What is the greatest common divisor of z and 75?
25
Let c be (-2)/(1 + -3) + 0. Let m(s) = s. Let w be m(1). Calculate the highest common factor of w and c.
1
Let c(v) = 4*v**3 - v**2 + 2*v - 1. Let a be c(1). Suppose 1 = 3*n + a. Let k be n + 2 - (4 + -10). What is the greatest common divisor of 56 and k?
7
Let k = 55 - 28. Suppose -115 = -4*r - k. Suppose -3*q = 3, -201 = -5*j + 2*q + 76. What is the highest common divisor of r and j?
11
Let o be 0*((-3)/(-3) - 2). Suppose -3*n + 0*n = o. Suppose -z + 4*i + i + 13 = n, 4*i = -2*z + 26. What is the greatest common divisor of 52 and z?
13
Let l = -5 + 6. What is the highest common divisor of l and 1?
1
Let y(o) = o**2 + 7*o + 6. Let x be y(-6). Suppose -3*v = -2*v - 69. Suppose -3*k + v = -x*k. Calculate the highest common factor of k and 115.
23
Let d(x) = -x**2 + 16*x - 1. Let f be d(13). What is the highest common divisor of f and 57?
19
Let z = -295 - -198. Let i = -67 - z. What is the highest common factor of i and 75?
15
Let g(k) = k**2 + 12*k + 27. Let f be g(-13). What is the greatest common factor of 5 and f?
5
Suppose 0 = -7*v + 8*v - 225. Let x be v/(-10)*(-22)/3. What is the highest common factor of 15 and x?
15
Let r(g) = -3*g + 4. Let l be r(-5). Let v = l + -11. What is the greatest common factor of v and 32?
8
Let u = 117 + -51. Suppose -4*g + 2 = u. Let p = g + 33. Calculate the greatest common divisor of p and 17.
17
Let n = 19 - 14. Suppose 0 = -8*t + n*t + 60. Suppose -33 - 27 = -3*p. What is the highest common factor of p and t?
20
Let x(z) = 16*z**2. Suppose 10 = q + 9. Let c be x(q). Calculate the highest common divisor of c and 8.
8
Suppose 5*f - z = -25, 0*f + 16 = f + 4*z. Let g(y) = y**2 + 4*y + 2. Let r be g(f). Calculate the greatest common factor of r and 14.
2
Let z be 3 - (-10*2)/4. What is the greatest common factor of 8 and z?
8
Let d(n) = n**2 + 5*n + 6. Let w be d(-4). Suppose -6*y = -w*y - 120. What is the greatest common divisor of 6 and y?
6
Let a = -22 - -28. What is the greatest common factor of 30 and a?
6
Suppose -p - 3*p = 20, -3*p = -3*t - 6. Let l be -1 + (0 + 2 - t). Let s be -3 - (2 - (2 + 27)). Calculate the greatest common divisor of l and s.
8
Let f(a) = a**3 - 3*a**2 + 2*a - 4. Let q be f(3). Suppose -12 = -4*o + 4*w, -2*o + q*w + 2 = -2*w. What is the greatest common factor of o and 55?
5
Let k(z) = z**2 - 3*z + 6. Let r = -4 + 8. Let s be k(r). What is the greatest